 and 160?
40
Let y(z) = -z**3 + 9*z**2 - 11*z + 4. Let h be y(7). Calculate the greatest common divisor of 275 and h.
25
Let m(z) = -z**3 + 4*z**2 + 5*z - 2. Let v be m(5). Let b(k) = -4*k - 3. Let x be b(v). Suppose x*s - s = 484. Calculate the greatest common factor of s and 11.
11
Let k be (2 - 1 - -2)*2. Let r = k - 4. Suppose t - 2*t + 5*i = 12, r*t - 4*i + 6 = 0. What is the highest common divisor of t and 27?
3
Let r = 0 + 6. Let g be (4/(-6))/((-2)/r). Suppose -4*v + 85 = 29. Calculate the highest common divisor of v and g.
2
Suppose -r + 8 - 3 = 0. Suppose 2*d = -1 - 1, 0 = 2*n + r*d - 7. Calculate the greatest common factor of n and 30.
6
Let t = -9 - -27. What is the highest common divisor of 18 and t?
18
Suppose 0 = -4*q - 4*d + 20, 2*q + 2*q = 2*d + 8. Suppose 5*k = 4*u + 7 - 28, -3*u = 5*k - 42. What is the highest common factor of q and u?
3
Let r(s) = s**3 + s**2 - s + 4. Let u be r(0). Calculate the greatest common factor of u and 32.
4
Suppose 3*p - 113 = 286. Calculate the highest common factor of 19 and p.
19
Let v = -7 - -11. Let g be (6/v - 2)*-24. Let y = -7 + g. Calculate the highest common factor of 55 and y.
5
Suppose 5*f - 4*k - 68 = 0, 0 = 2*f + 5*k - 10 - 4. Calculate the greatest common factor of f and 4.
4
Let j = 11 - 0. Let l(d) = d**3 + 9*d**2 - 11*d - 7. Let f be l(-10). Suppose 0 = -f*p - 0*p + 297. Calculate the greatest common factor of p and j.
11
Let m(p) = p**3 - 4*p**2 + 4*p - 4. Let j be m(3). Let x be 99/(j - (-15)/12). Let t = -264 + x. What is the highest common factor of 12 and t?
12
Suppose 4*n + 76 = 2*x, -n + 118 = 3*x - 3*n. What is the highest common factor of 5 and x?
5
Let n = 1 + 5. Calculate the greatest common factor of n and 48.
6
Let x(h) = -2*h**3 + 10*h**2 - 1. Let d be x(7). Let c = 281 + d. Calculate the highest common divisor of c and 12.
12
Let f = -32 + 45. Let w(b) = -b. Let h be w(0). Suppose h = 3*d, -4*t + 8*t - 4*d = 52. Calculate the greatest common divisor of f and t.
13
Suppose 0*u = u - 17. Suppose 0 = 4*t - 5*g - u, -2*t + 1 = -g - 12. Calculate the highest common divisor of 40 and t.
8
Suppose -5*u = -88 + 13. Calculate the greatest common factor of 6 and u.
3
Let p = 30 - 18. Calculate the highest common factor of 132 and p.
12
Let f(t) = t**3 + 5*t**2 + 3*t + 6. Let a be f(-4). Calculate the highest common factor of a and 40.
10
Let s be (-50)/((-7)/((-70)/(-4))) - 1. Calculate the highest common divisor of s and 31.
31
Let c(p) = 5*p - 8. Let z be c(4). Calculate the greatest common divisor of z and 108.
12
Let c = -5 + 8. Suppose -5*u - c + 0 = -4*k, -2*k = -4*u. What is the greatest common factor of 11 and u?
1
Let d(y) = y**2 + 9*y + 25. Let t be d(-7). Calculate the highest common divisor of 44 and t.
11
Let o = -14 - -16. Suppose o*j = -2*j + 36. What is the highest common divisor of 3 and j?
3
Let q(k) = -2*k**2 - 3*k - 4. Let l be q(3). Let f = -17 - l. Let z be (-1 + -4)*(-8 - (-3 - -2)). Calculate the greatest common factor of z and f.
7
Let m be (-3)/(-2)*1824/36. Calculate the greatest common divisor of m and 114.
38
Suppose 10 = -3*t - 17. Let h = 9 - t. Suppose 0 = -2*x + 3*x - h. What is the highest common divisor of 90 and x?
18
Let n(v) = -v**3 - 15*v**2 - 16*v - 10. Let l be n(-14). Calculate the greatest common factor of 9 and l.
9
Suppose 60 + 50 = 5*q. Let n be (6/(-4))/(6/(-8)). Calculate the highest common divisor of q and n.
2
Suppose 0 = 4*g - 4*w - 68, 2*g = -g - 5*w + 91. Calculate the highest common factor of g and 2.
2
Suppose 6*i - 2400 = i. What is the highest common divisor of 60 and i?
60
Let n be (52/(-5))/(90/(-225)). Calculate the highest common factor of n and 26.
26
Let k be 18/15*(-15)/(-6). Suppose -91 = 4*t - 9*t + 4*a, 0 = t + 3*a - k. Calculate the greatest common factor of 5 and t.
5
Let i = 4 - 0. Suppose -2*c + i + 0 = 0. Suppose 0*h + 3*v = c*h - 27, -18 = -3*h - 3*v. What is the highest common factor of 45 and h?
9
Let j(y) = -2*y**3 - 20*y**2 + 10*y - 13. Let f be j(-11). What is the greatest common factor of f and 34?
17
Let t = 397 - 134. Let x = 459 - t. Suppose r = 3*r - x. What is the highest common divisor of 14 and r?
14
Let p be 1212/10 - 1/5. Suppose 0 = -j - 4*j - 40. Let q = j + 19. What is the highest common divisor of q and p?
11
Let b = 63 - 18. Calculate the greatest common factor of 9 and b.
9
Suppose 0 = 4*f - 7*f. Suppose -4*d + 3*g + 59 = f, -2*d + 5 = -4*g - 37. Calculate the highest common factor of d and 1.
1
Let x be ((-9)/((-27)/(-30)))/(-1). Suppose -m + 44 = 3*f, -f - 5*m = -x - 28. Calculate the highest common factor of 143 and f.
13
Let k = -13 + 45. Calculate the highest common factor of k and 16.
16
Let p = 47 + -21. Calculate the greatest common divisor of p and 13.
13
Let l(n) be the first derivative of -n**3/3 + 5*n**2 - 2*n - 1. Let j be (2*-1)/10 + 123/15. Let m be l(j). What is the greatest common divisor of 154 and m?
14
Let v(i) = i**2 - 1. Let h(m) = -58*m**2 - m + 4. Let w(g) = -h(g) - 4*v(g). Let y be w(1). Let t = y - 10. What is the highest common factor of 9 and t?
9
Let k(m) = -m**3 - 2*m**2 + 4*m - 8. Let u be k(-6). Let l = 189 - u. What is the highest common factor of 11 and l?
11
Let q(h) = 14*h**2 + h. Let l be q(1). Let p = 211 + -106. Calculate the highest common factor of p and l.
15
Let y(k) = 3*k**2 + 2*k + 1. Let q be y(-3). Suppose -29 = 2*c + 5*l - 318, -l - 523 = -4*c. What is the greatest common divisor of q and c?
22
Let v(u) = 27*u - 25. Let s be v(3). Let t be (1 - 0)*0 + 0. Suppose 5*j - 30 = 5*q, 2*j - j - 5*q - 2 = t. Calculate the greatest common divisor of s and j.
7
Let q be 18/90 - (-149)/5. Calculate the greatest common divisor of q and 6.
6
Let y(c) = -c**3 - 9*c**2 + 6*c + 16. Let v be y(-10). Let g = -3 + 10. Calculate the highest common divisor of g and v.
7
Suppose 5*p = 3 + 2. Let n be (-10)/(-5) + p + 19. What is the greatest common divisor of 11 and n?
11
Suppose 145 = 2*h + 37. Suppose 3*p - d + 6 = 3*d, 2*d = 0. Let l be 0 + 1 + (-10)/p. What is the greatest common factor of l and h?
6
Let i = -1 + 4. Let q be ((-4)/2 - -14)*i. Let r be ((-9)/6)/(-2*(-5)/(-60)). What is the highest common factor of q and r?
9
Let t = -51 - -86. Calculate the greatest common factor of 7 and t.
7
Let v be ((-4)/(-6))/(6/117). Let m be 160/12 - 4/12. What is the greatest common factor of m and v?
13
Let z(t) = 3*t + 5. Let j be z(5). What is the highest common factor of j and 220?
20
Let w = -61 + 65. Calculate the greatest common divisor of 4 and w.
4
Let d = -10 - -12. Suppose -2*c - d*c = -32. Suppose -4*a = -c*a + 432. What is the highest common factor of a and 12?
12
Suppose 3*z - 174 = 3*y, 3*y - 4 = 4*y. Suppose 5*h = 2*h + z. Calculate the highest common factor of h and 18.
18
Let i = -35 + 52. What is the highest common factor of 153 and i?
17
Let v be 4/((-315)/(-156) - 2). What is the greatest common factor of v and 13?
13
Let r(o) = -o**3 + 22*o**2 - 40*o + 30. Let s be r(20). What is the greatest common factor of 330 and s?
30
Let n be 59/4 - (-3)/12. Let v be n/((-12)/14 - -1). What is the highest common divisor of 15 and v?
15
Suppose -8*v + 41 - 17 = 0. Let b(d) = d**2 - 2. Let l be b(2). What is the highest common factor of l and v?
1
Let m = -106 + 112. Calculate the highest common divisor of 9 and m.
3
Let x = 14 + -12. Suppose c + 1 = -x*u - 0*u, c = -4*u + 3. What is the greatest common factor of 10 and u?
2
Suppose 5*l - 8 = 22. Calculate the highest common factor of l and 15.
3
Suppose 3*m - 6 = 21. Suppose -3*n + m = -45. Let s(a) = a**2 - 2*a + 1. Let u be s(4). What is the highest common divisor of u and n?
9
Let q = 1 - -1. Suppose 3*i + 60 = 4*y, 8 = q*y + 5*i + 4. Calculate the highest common factor of y and 96.
12
Suppose -11*v + 14*v = 6. Calculate the greatest common divisor of 1 and v.
1
Let y(k) = -5*k + 9 + 3*k**2 + k**2 - k - 2*k**2. Let s be y(6). What is the highest common factor of 5 and s?
5
Suppose -2*h = -3 - 1. Suppose 0*a - 5*a + h*i + 234 = 0, 4*a + i = 182. What is the highest common factor of 69 and a?
23
Suppose 0*q - 10 = -q. Let g be (216/(-20))/((-3)/q). Suppose 7*k - g = 4*k. What is the greatest common factor of 8 and k?
4
Let z = -14 + 22. Let c be 142/4 - 4/z. What is the greatest common divisor of 